base 12, what is 1 - 8?
-7
In base 10, what is 26 + -120?
-94
In base 8, what is 12 + 46?
60
In base 7, what is 2 - 4550?
-4545
In base 5, what is 114230 + 1?
114231
In base 15, what is 93 + -1?
92
In base 14, what is -51 + -29?
-7a
In base 12, what is 75 - -18?
91
In base 15, what is -5 - 13a?
-140
In base 16, what is -7 + 4c?
45
In base 11, what is -295 - 31?
-316
In base 6, what is -4 + -2321?
-2325
In base 16, what is 4e2 - 1?
4e1
In base 5, what is -1340 + 2?
-1333
In base 14, what is -2 + ad?
ab
In base 4, what is 2 + 1030112?
1030120
In base 8, what is -4 - 1721?
-1725
In base 4, what is 30230 + -1?
30223
In base 14, what is -3 + -27c?
-281
In base 16, what is -4 - 4f4?
-4f8
In base 15, what is -8 - -d5?
cc
In base 5, what is 21131 + -104?
21022
In base 11, what is -4 - 791?
-795
In base 8, what is 1127 - 5?
1122
In base 5, what is 3231 - 4?
3222
In base 10, what is 6 + 27?
33
In base 13, what is 292 - -3?
295
In base 5, what is 0 + -32?
-32
In base 9, what is -3 - 118?
-122
In base 5, what is 1 - 410?
-404
In base 12, what is -170 - -2?
-16a
In base 2, what is -10 + -1101111011?
-1101111101
In base 12, what is -a - -21?
13
In base 6, what is 2 + -140?
-134
In base 11, what is 96a - -3?
972
In base 14, what is -6 - -d?
7
In base 12, what is -105 - -19?
-a8
In base 7, what is 50445 + 5?
50453
In base 12, what is -a - -4?
-6
In base 9, what is 148 - -3?
152
In base 9, what is 11545 + 4?
11550
In base 7, what is 31 + 31?
62
In base 6, what is -113340 + -3?
-113343
In base 16, what is 2d + -5?
28
In base 9, what is 0 - 45?
-45
In base 8, what is 11 + -71?
-60
In base 5, what is 422 + 34?
1011
In base 8, what is -5 - -151?
144
In base 4, what is -1 + -120112?
-120113
In base 9, what is 7 + -7?
0
In base 4, what is 102 - 11313?
-11211
In base 3, what is -10 - -122102?
122022
In base 2, what is -101 - 1111010001?
-1111010110
In base 8, what is 12 - -1460?
1472
In base 9, what is 33 - 17?
15
In base 13, what is -101 + -2?
-103
In base 10, what is 5 - -52?
57
In base 4, what is -11 - -1231233?
1231222
In base 9, what is -172 - -33?
-138
In base 3, what is -121200 + -200?
-122100
In base 2, what is -1001 - 110?
-1111
In base 10, what is 1552 - -4?
1556
In base 13, what is 40 - -b?
4b
In base 14, what is 3 + -107?
-104
In base 8, what is 6052 + 5?
6057
In base 3, what is -12210 - -11?
-12122
In base 2, what is -1100 - -1011110?
1010010
In base 6, what is -4 - 1?
-5
In base 6, what is 2305 - -2?
2311
In base 13, what is -1 - -71?
70
In base 13, what is 78 - 3?
75
In base 12, what is 28 + 7?
33
In base 14, what is 9 - 1b2?
-1a7
In base 8, what is 126 + -4?
122
In base 11, what is -20 - 0?
-20
In base 5, what is -102 + 4?
-43
In base 4, what is 23 + 10022?
10111
In base 2, what is -100 + 100010100010?
100010011110
In base 13, what is -5 + 63a?
635
In base 8, what is 116 + 1?
117
In base 4, what is 0 - 1120?
-1120
In base 6, what is 10 + 21?
31
In base 15, what is -964 - -5?
-95e
In base 7, what is -11 + 563?
552
In base 12, what is -1 + -7a?
-7b
In base 7, what is 155 - 3?
152
In base 9, what is -143 - -162?
18
In base 12, what is 13 + -37?
-24
In base 2, what is 101101000111010 + 101?
101101000111111
In base 14, what is 7 - 208?
-201
In base 6, what is -3 - 1243?
-1250
In base 5, what is -12440 - 42?
-13032
In base 7, what is 3 - 250?
-244
In base 9, what is 0 - -67?
67
In base 2, what is 10000 - -11000110000?
11001000000
In base 15, what is 47 + 7?
4e
In base 3, what is -111110 + -2?
-111112
In base 9, what is 540 + -11?
528
In base 2, what is 111010010101 + 11?
111010011000
In base 16, what is -3 - 7?
-a
In base 12, what is -8 - 5?
-11
In base 9, what is 215 - 3?
212
In base 14, what is 326 - 1?
325
In base 5, what is 103 + 314?
422
In base 13, what is 5b6 - -1?
5b7
In base 11, what is -1586 - 9?
-1594
In base 11, what is 118a - 3?
1187
In base 4, what is -10 - 10331?
-11001
In base 3, what is 10 + -222?
-212
In base 10, what is -556 + -5?
-561
In base 6, what is -13 - -2415?
2402
In base 2, what is 11001010011 - -10?
11001010101
In base 12, what is 1 - 1?
0
In base 4, what is 10223 + 2?
10231
In base 9, what is -46 + 177?
131
In base 10, what is -3 + -144?
-147
In base 3, what is 11 - -10102120?
10102201
In base 7, what is -4 - -404?
400
In base 13, what is -156 - -2?
-154
In base 15, what is -7 - -1c6?
1be
In base 2, what is 110011 + -10110?
11101
In base 3, what is 201 - 1112?
-211
In base 11, what is 16 - 9?
8
In base 12, what is 7585 + 1?
7586
In base 3, what is -2 - 21011?
-21020
In base 8, what is -4 + -573?
-577
In base 12, what is 7 - -11?
18
In base 5, what is -10 - 42?
-102
In base 5, what is 4 - 10241?
-10232
In base 11, what is -a1 - 4?
-a5
In base 7, what is 2 + 10?
12
In base 13, what is 44 - -85?
c9
In base 3, what is 0 + -1200?
-1200
In base 5, what is -10 + 1?
-4
In base 5, what is -3 + -214?
-222
In base 3, what is 1010 - 1?
1002
In base 16, what is 88 - -22?
aa
In base 3, what is 2 - 122220?
-122211
In base 10, what is 8 + 2?
10
In base 9, what is 0 - 43?
-43
In base 2, what is 111100 + -10110?
100110
In base 4, what is -133201 - 0?
-133201
In base 11, what is -4 - 13?
-17
In base 14, what is a + 15?
21
In base 6, what is -50 - -131?
41
In base 2, what is -1 - 100110100?
-100110101
In base 14, what is -6 - 19?
-21
In base 16, what is 243 - -2?
245
In base 4, what is 2 + -223001?
-222333
In base 13, what is -39 - -34?
-5
In base 10, what is -82 + 11?
-71
In base 8, what is 12011 + -5?
12004
In base 10, what is -154 - 0?
-154
In base 6, what is 145 + -3?
142
In base 13, what is -6 + c?
6
In base 15, what is 10b46 + 3?
10b49
In base 14, what is 280 + -2?
27c
In base 9, what is 8250 + 5?
8255
In base 13, what is 16 - -c?
25
In base 13, what is 2c9a7 - 1?
2c9a6
In base 12, what is -398 + -2?
-39a
In base 11, what is -33 + -28?
-60
In base 12, what is 246 - 3?
243
In base 10, what is -2236 - -6?
-2230
In base 12, what is -1 + 12?
11
In base 7, what is -2 + 65?
63
In base 7, what is 36 - -5?
44
In base 12, what is -354 + -6?
-35a
In base 12, what is 39b + 2?
3a1
In base 5, what is -10 - 44344?
-44404
In base 6, what is 1304 + 5?
1313
In base 12, what is 1ba7 - 1?
1ba6
In base 12, what is -83 - 3?
-86
In base 16, what is 1 - -53?
54
In base 5, what is 1032 + 144?
1231
In base 8, what is 7 - 570?
-561
In base 15, what is 3 + 370?
373
In base 15, what is -8 + 8?
0
In base 4, what is -220 + -122?
-1002
In base 14, what is 4 + -cd?
-c9
In base 15, what is 51 - 1?
50
In base 16, what is -5 - 1e5b?
-1e60
In base 11, what is -25 - 15?
-3a
In base 4, what is 2 - 102210?
-102202
In base 11, what is 4 + -14?
-10
In base 4, what is 2033332 - -11?
2100003
In base 9, what is 47 - 11?
36
In base 3, what is -2202 - -112?
-2020
In base 13, what is -790 - -5?
-788
In base 13, what is -1ac - 1?
-1b0
In base 5, what is 2004323 + 0?
2004323
In base 7, what is -4 + 13?
6
In base 11, what is 27 + 22a?
256
In base 11, what is -a + 6?
-4
In base 6, what is -4 - 14010?
-14014
In base 7, what is 252245 + 3?
252251
In base 2, what is 0 + 10000101111?
10000101111
In base 3, what is -21201 + -11?
-21212
In base 6, what is 1001 + 5?
1010
In base 7, what is -4 + -401?
-405
In base 10, what is 5 - 204?
-199
In base 10, what is -4 - 320?
-324
In base 8, what is -2211 - 3?
-2214
In base 12, what is -1 - -1860?
185b
In base 14, what is -ab0a + 2?
-ab08
In base 6, what is -11 - -10?
-1
In base 5, what is 140434 - 1?
140433
In base 4, what is 21 + 131?
212
In base 8, what is -1 + 136?
135
In base 8, what is -6 - -2?
-4
In base 8, what is 21 - 447?
-426
In base 10, what is 2 - -821?
823
In base 11, what is -67 - -4?
-63
In base 8, what is 15 - -206?
223
In base 4, what is -3 + -233?
-302
In base 6, what is 4354 - -2?
4400
In base 4, what is -1000 - -2?
-332
In base 10, what is -10639 + -3?
-10642
In base 12, what is 1 + -754?
-753
In base 9, what is 0 - -624?
624
In base 3, what is 11120122 + 10?
11120202
In base 8, what is 0 - -21?
21
In base 2, what is 11010111 + -10101?
11000010
In base 13, what is -4c - -1?
-4b
In base 10, what is 72 - 1?
71
In base 8, what is 262 + 2?
264
In base 13, what is 7b11 + 2?
7b13
In base 16, what is -41 - -a?
-37
In base 5, what is 10002 + 1?
10003
In base 10, what is 5 - -19?
24
In base 6, what is -33352 + -2?
-33354
In base 6, what is